8 and 48122592?
1596
Calculate the highest common divisor of 11425275 and 98880.
1545
What is the highest common factor of 1544 and 502272?
8
What is the highest common divisor of 374194 and 72252?
446
Calculate the greatest common factor of 12 and 443883876.
12
What is the highest common divisor of 14840 and 9740605?
1855
What is the highest common divisor of 13100 and 1186205?
655
What is the greatest common factor of 98202 and 1141062?
78
What is the highest common divisor of 107221 and 20048?
179
What is the greatest common factor of 34530 and 2155?
5
Calculate the highest common factor of 23251520 and 1280.
320
Calculate the highest common factor of 217395507 and 14994.
2499
Calculate the highest common divisor of 295402 and 18034.
254
What is the highest common factor of 127 and 4546219?
127
What is the greatest common factor of 2694984 and 54?
6
Calculate the greatest common divisor of 51788992 and 64.
64
What is the greatest common divisor of 153120 and 107360?
1760
Calculate the highest common divisor of 395 and 2046258.
79
What is the highest common divisor of 137671 and 81127?
31
What is the highest common factor of 267839 and 429?
143
What is the highest common factor of 77430 and 57710?
290
Calculate the greatest common divisor of 5230491 and 252.
21
Calculate the highest common factor of 240 and 355880928.
48
What is the highest common divisor of 1050 and 3027108?
42
Calculate the greatest common divisor of 977839 and 327.
109
What is the highest common divisor of 226407234 and 6474?
498
What is the greatest common divisor of 14452391 and 13?
1
What is the greatest common factor of 2401854 and 497?
7
What is the greatest common divisor of 1261 and 743327?
13
What is the greatest common divisor of 46355775 and 2175?
2175
Calculate the greatest common factor of 184759 and 2611305.
667
Calculate the greatest common divisor of 28545 and 90152895.
2595
Calculate the greatest common divisor of 51549483 and 3.
3
What is the highest common factor of 119769386 and 275?
11
What is the highest common divisor of 12480 and 1214040?
120
Calculate the highest common divisor of 415 and 3247209.
83
Calculate the greatest common divisor of 112 and 2347058.
14
What is the highest common factor of 957 and 25020633?
33
Calculate the greatest common divisor of 280718 and 801638.
2894
What is the highest common factor of 32 and 56923072?
32
What is the greatest common divisor of 632 and 29058728?
632
Calculate the greatest common factor of 596501676 and 7869.
7869
What is the highest common factor of 18469215 and 5630?
2815
What is the greatest common factor of 206874 and 35154?
162
What is the greatest common factor of 2230 and 39890?
10
What is the highest common factor of 399570 and 164730?
570
Calculate the highest common divisor of 10068080 and 160.
80
What is the highest common factor of 5451 and 1600777?
1817
Calculate the greatest common divisor of 1282 and 179468462.
1282
Calculate the greatest common factor of 13 and 1165172398.
13
Calculate the greatest common divisor of 2431680 and 18625.
745
What is the highest common factor of 8283646 and 14?
14
What is the greatest common factor of 139 and 883092715?
139
What is the greatest common divisor of 13244651 and 98?
49
What is the highest common factor of 439229 and 30226?
119
What is the highest common divisor of 26451 and 343736623?
2939
What is the greatest common divisor of 6649307 and 111?
37
Calculate the greatest common divisor of 46953 and 703026.
1269
What is the highest common divisor of 566572 and 10?
2
Calculate the greatest common factor of 572 and 26114231.
143
Calculate the highest common divisor of 47882377 and 61.
61
What is the highest common divisor of 1662981727 and 1441?
1441
Calculate the highest common divisor of 1011987 and 2889.
27
Calculate the highest common factor of 950 and 2392746.
38
Calculate the highest common divisor of 1018 and 41924294.
1018
Calculate the highest common divisor of 3184202 and 56.
14
What is the highest common divisor of 3576143 and 369?
41
Calculate the greatest common factor of 171 and 6390156.
57
What is the greatest common factor of 297 and 2928699?
9
What is the greatest common factor of 9713352 and 10?
2
Calculate the highest common divisor of 24475 and 2978525.
275
Calculate the highest common factor of 26 and 32535659.
13
What is the highest common divisor of 366 and 206917978?
122
Calculate the greatest common factor of 254262874 and 1142.
1142
What is the greatest common factor of 370 and 16541146?
74
Calculate the highest common factor of 547006160 and 20552.
2936
What is the highest common divisor of 1211960 and 624455?
3695
Calculate the greatest common factor of 68 and 31445546.
34
Calculate the highest common factor of 73158532 and 116.
116
What is the highest common factor of 8280798 and 24?
6
What is the greatest common factor of 86691844 and 6331?
487
Calculate the highest common factor of 2 and 3745837.
1
What is the greatest common divisor of 109344856 and 8?
8
Calculate the highest common factor of 13 and 36991058.
13
Calculate the highest common divisor of 22474 and 485010.
34
What is the highest common factor of 50290 and 23030?
470
Calculate the highest common factor of 28 and 29611162.
14
What is the greatest common divisor of 5651426 and 25476?
4246
Calculate the greatest common factor of 5865300 and 7.
7
Calculate the highest common divisor of 73432 and 1874023.
137
Calculate the highest common factor of 40605 and 114315.
15
Calculate the highest common divisor of 9164 and 764562.
158
Calculate the greatest common divisor of 948818 and 65.
13
Calculate the highest common factor of 69160470 and 401.
401
Calculate the greatest common divisor of 13176 and 4087260.
108
What is the greatest common factor of 234 and 36044268?
78
Calculate the greatest common divisor of 177236 and 43306.
118
Calculate the highest common divisor of 1080573 and 589110.
807
Calculate the greatest common factor of 6748 and 3388.
28
What is the highest common factor of 14360523 and 114?
57
Calculate the greatest common factor of 1086781 and 88407.
893
Calculate the greatest common factor of 2867380 and 240.
20
Calculate the highest common factor of 2536678 and 1780.
178
What is the greatest common divisor of 12794834 and 13741?
1963
What is the highest common divisor of 56776910 and 10960?
1370
What is the highest common factor of 157276 and 2237347?
959
Calculate the highest common factor of 4158 and 141960126.
462
Calculate the greatest common divisor of 867216 and 305718.
1218
What is the highest common factor of 918 and 964526382?
306
What is the highest common divisor of 84205152 and 474?
474
What is the highest common factor of 3815 and 14187985?
3815
Calculate the highest common factor of 1208266 and 75063.
191
What is the greatest common divisor of 207 and 11068819?
23
Calculate the greatest common factor of 419 and 8497.
1
What is the greatest common divisor of 102880 and 4688?
16
Calculate the greatest common factor of 94717 and 686343.
49
Calculate the highest common factor of 36 and 135452.
4
What is the greatest common factor of 58562620 and 5780?
340
Calculate the greatest common factor of 13256257 and 483.
161
What is the highest common divisor of 175577 and 1898658?
337
Calculate the greatest common factor of 17625 and 166065.
15
Calculate the greatest common divisor of 8125 and 47211125.
1625
What is the highest common factor of 6 and 1847629?
1
Calculate the highest common factor of 929 and 132971.
1
Calculate the highest common divisor of 99690 and 4380.
30
Calculate the greatest common divisor of 385 and 48634915.
35
What is the highest common factor of 9 and 70306497?
9
What is the highest common factor of 5651179 and 18747?
2083
What is the highest common divisor of 789 and 3098403?
789
Calculate the greatest common factor of 576 and 113949824.
64
What is the highest common divisor of 19 and 143179193?
19
Calculate the highest common factor of 7787 and 5355659.
599
What is the highest common factor of 2322 and 127062?
54
What is the highest common factor of 581049 and 711?
9
Calculate the greatest common divisor of 20457213 and 63.
21
What is the highest common divisor of 11 and 999117922?
11
What is the highest common